{"id":80,"date":"2024-01-08T03:06:50","date_gmt":"2024-01-08T03:06:50","guid":{"rendered":"https:\/\/cupio.edu.ve\/?page_id=80"},"modified":"2024-01-08T03:06:50","modified_gmt":"2024-01-08T03:06:50","slug":"admision","status":"publish","type":"page","link":"https:\/\/cupio.edu.ve\/?page_id=80","title":{"rendered":"Admisi\u00f3n"},"content":{"rendered":"\n<p>Para asistir al Curso Introductorio, el aspirante deber\u00e1 estar formalmente inscrito en el primer periodo lectivo de la carrera de su preferencia asimismo, deber\u00e1 consignar los siguientes documentos en la Jefatura e Control de Estudios y Evaluaci\u00f3n, para completar el proceso de inscripci\u00f3n:<\/p>\n\n\n\n<p><\/p>\n\n\n\n<ol class=\"wp-block-list\">\n<li>Dos (02) copias de la c\u00e9dula ampliada a 150%.<\/li>\n\n\n\n<li>Dos (02) fotos tipo carnet.<\/li>\n\n\n\n<li>Original y copia de partida de nacimiento en buen estado.<\/li>\n\n\n\n<li>Original y copia de notas de 1ero a 5to a\u00f1o actualizada.<\/li>\n\n\n\n<li>Original y copia de T\u00edtulo de bachiller.<\/li>\n\n\n\n<li>Fondo Negro de T\u00edtulo de bachiller.<\/li>\n\n\n\n<li>Carta de residencia.<\/li>\n\n\n\n<li>Original y copia de la certificaci\u00f3n OPSU.<\/li>\n\n\n\n<li>Carpeta manila (amarilla) tama\u00f1o oficio.<\/li>\n<\/ol>\n\n\n\n<p>Nota: En caso de no disponer de alguno de los documentos solicitados el estudiante podr\u00e1 iniciar clases, pero se compromete a consignar dichos documentos, como requisito para inscribir el 6to semestre.<\/p>\n","protected":false},"excerpt":{"rendered":"<p>Para asistir al Curso Introductorio, el aspirante deber\u00e1 estar formalmente inscrito en el primer periodo lectivo de la carrera de su preferencia asimismo, deber\u00e1 consignar los siguientes documentos en la Jefatura e Control de Estudios y Evaluaci\u00f3n, para completar el proceso de inscripci\u00f3n: Nota: En caso de no disponer de alguno de los documentos solicitados [&hellip;]<\/p>\n","protected":false},"author":1,"featured_media":0,"parent":0,"menu_order":0,"comment_status":"closed","ping_status":"closed","template":"","meta":{"footnotes":""},"class_list":["post-80","page","type-page","status-publish","hentry"],"_links":{"self":[{"href":"https:\/\/cupio.edu.ve\/index.php?rest_route=\/wp\/v2\/pages\/80","targetHints":{"allow":["GET"]}}],"collection":[{"href":"https:\/\/cupio.edu.ve\/index.php?rest_route=\/wp\/v2\/pages"}],"about":[{"href":"https:\/\/cupio.edu.ve\/index.php?rest_route=\/wp\/v2\/types\/page"}],"author":[{"embeddable":true,"href":"https:\/\/cupio.edu.ve\/index.php?rest_route=\/wp\/v2\/users\/1"}],"replies":[{"embeddable":true,"href":"https:\/\/cupio.edu.ve\/index.php?rest_route=%2Fwp%2Fv2%2Fcomments&post=80"}],"version-history":[{"count":1,"href":"https:\/\/cupio.edu.ve\/index.php?rest_route=\/wp\/v2\/pages\/80\/revisions"}],"predecessor-version":[{"id":81,"href":"https:\/\/cupio.edu.ve\/index.php?rest_route=\/wp\/v2\/pages\/80\/revisions\/81"}],"wp:attachment":[{"href":"https:\/\/cupio.edu.ve\/index.php?rest_route=%2Fwp%2Fv2%2Fmedia&parent=80"}],"curies":[{"name":"wp","href":"https:\/\/api.w.org\/{rel}","templated":true}]}}