{"id":259,"date":"2024-01-15T02:07:29","date_gmt":"2024-01-15T02:07:29","guid":{"rendered":"https:\/\/cupio.edu.ve\/?page_id=259"},"modified":"2024-01-15T02:07:29","modified_gmt":"2024-01-15T02:07:29","slug":"pastoral","status":"publish","type":"page","link":"https:\/\/cupio.edu.ve\/?page_id=259","title":{"rendered":"Pastoral"},"content":{"rendered":"\n<figure class=\"wp-block-image alignright size-full is-resized\"><img loading=\"lazy\" decoding=\"async\" width=\"960\" height=\"720\" src=\"https:\/\/cupio.edu.ve\/wp-content\/uploads\/2024\/01\/Logo-Pastoral-PNG.png\" alt=\"\" class=\"wp-image-260\" style=\"width:489px;height:auto\" srcset=\"https:\/\/cupio.edu.ve\/wp-content\/uploads\/2024\/01\/Logo-Pastoral-PNG.png 960w, https:\/\/cupio.edu.ve\/wp-content\/uploads\/2024\/01\/Logo-Pastoral-PNG-300x225.png 300w, https:\/\/cupio.edu.ve\/wp-content\/uploads\/2024\/01\/Logo-Pastoral-PNG-768x576.png 768w\" sizes=\"auto, (max-width: 960px) 100vw, 960px\" \/><\/figure>\n\n\n\n<p>La Pastoral Universitaria es la acci\u00f3n evangelizadora de la Iglesia en el contexto universitario. Para ellos busca que todos aquellos que hacen vida en la Universidad se encuentren con Cristo, entonces con su Iglesia, para que ellos tengan vida plena.<\/p>\n\n\n\n<p>Para lograrlo pretende &nbsp;fomentar la experiencia de la fe cristiana en el \u00e1mbito universitario por medio de peque\u00f1as comunidades de estudiantes, profesores y funcionarios, que testimonien y anuncian la centralidad de los valores del Evangelio de Jes\u00fas de Nazaret en sus vidas.<\/p>\n\n\n\n<p>Como un eje transversal de los que siendo conscientes de su misi\u00f3n en la universidad buscan incentivar, en la ense\u00f1anza, en la investigaci\u00f3n y en la extensi\u00f3n, el di\u00e1logo entre fe y raz\u00f3n, fe y ciencia, religi\u00f3n y cultura.<\/p>\n\n\n\n<p>Para ello los bautizados desde sus funciones propias buscan influenciar significativamente la vida universitaria, en el \u00e1mbito de la investigaci\u00f3n, de la ense\u00f1anza y de la extensi\u00f3n, por medio de proyectos y actividades en los ejes de la pastoral: espiritualidad, reflexi\u00f3n-formaci\u00f3n y acci\u00f3n social solidaria.<\/p>\n\n\n\n<p>De all\u00ed que en su actuar cotidiano , en el quehacer diario en los espacios propios del Colegio Universitario buscan motivar y acompa\u00f1ar a estudiantes y profesionales para que sean, prof\u00e9ticamente, profesionales competentes en sus \u00e1reas de conocimiento, promotores de un mundo justo y solidario seg\u00fan los valores del Evangelio y los ideales del Reino de Dios.<\/p>\n\n\n\n<p>Al ejercer cada bautizado su&nbsp;funci\u00f3n prof\u00e9tica en la universidad ha de convertirse en &nbsp;luz del mundo, desde el ejercicio de su&nbsp;funci\u00f3n sacerdotal se convierten en sal de la tierra y desde la&nbsp;funci\u00f3n real han de convertirse en fermento, de modo que desde dentro, en las mismas estructuras de la universidad, se visualice la obra redentora del se\u00f1or.<\/p>\n\n\n\n<h2 class=\"wp-block-heading\">Explicaci\u00f3n del Logo<\/h2>\n\n\n\n<figure class=\"wp-block-image aligncenter size-full is-resized\"><img loading=\"lazy\" decoding=\"async\" width=\"960\" height=\"720\" src=\"https:\/\/cupio.edu.ve\/wp-content\/uploads\/2024\/01\/Logo-Pastoral-CUPIO-2.jpg\" alt=\"\" class=\"wp-image-261\" style=\"width:579px;height:auto\" srcset=\"https:\/\/cupio.edu.ve\/wp-content\/uploads\/2024\/01\/Logo-Pastoral-CUPIO-2.jpg 960w, https:\/\/cupio.edu.ve\/wp-content\/uploads\/2024\/01\/Logo-Pastoral-CUPIO-2-300x225.jpg 300w, https:\/\/cupio.edu.ve\/wp-content\/uploads\/2024\/01\/Logo-Pastoral-CUPIO-2-768x576.jpg 768w\" sizes=\"auto, (max-width: 960px) 100vw, 960px\" \/><\/figure>\n\n\n\n<p>Es un dise\u00f1o que integra una Cruz con la punta superior semejante a un bast\u00f3n, significando que la pastoral tiene su fuente: la cruz de Cristo.<\/p>\n\n\n\n<p>Ello se encuentra sobre una paleta de colores naranja ocre degradados que integra figuras entrelazadas y que representan \u00edconos de la fe. A saber: el Fuego del Esp\u00edritu Santo para que gu\u00ede la raz\u00f3n, la inteligencia, la sabidur\u00eda. M de Mar\u00eda, como Trono de Sabidur\u00eda, un Pez asemejando el s\u00edmbolo de los primeros cristianos y un libro siendo la base y fuente del saber, el Verbo hecho carne.<\/p>\n\n\n\n<h2 class=\"wp-block-heading\">Enlaces de Inter\u00e9s<\/h2>\n\n\n\n<blockquote class=\"wp-block-quote is-layout-flow wp-block-quote-is-layout-flow\">\n<p><a href=\"http:\/\/ceveducacion.org\/\"><u>http:\/\/ceveducacion.org\/<\/u><\/a>\u00a0<\/p>\n\n\n\n<p>Instagram: @ceveducacion<\/p>\n<\/blockquote>\n","protected":false},"excerpt":{"rendered":"<p>La Pastoral Universitaria es la acci\u00f3n evangelizadora de la Iglesia en el contexto universitario. Para ellos busca que todos aquellos que hacen vida en la Universidad se encuentren con Cristo, entonces con su Iglesia, para que ellos tengan vida plena. Para lograrlo pretende &nbsp;fomentar la experiencia de la fe cristiana en el \u00e1mbito universitario por [&hellip;]<\/p>\n","protected":false},"author":1,"featured_media":0,"parent":0,"menu_order":0,"comment_status":"closed","ping_status":"closed","template":"","meta":{"footnotes":""},"class_list":["post-259","page","type-page","status-publish","hentry"],"_links":{"self":[{"href":"https:\/\/cupio.edu.ve\/index.php?rest_route=\/wp\/v2\/pages\/259","targetHints":{"allow":["GET"]}}],"collection":[{"href":"https:\/\/cupio.edu.ve\/index.php?rest_route=\/wp\/v2\/pages"}],"about":[{"href":"https:\/\/cupio.edu.ve\/index.php?rest_route=\/wp\/v2\/types\/page"}],"author":[{"embeddable":true,"href":"https:\/\/cupio.edu.ve\/index.php?rest_route=\/wp\/v2\/users\/1"}],"replies":[{"embeddable":true,"href":"https:\/\/cupio.edu.ve\/index.php?rest_route=%2Fwp%2Fv2%2Fcomments&post=259"}],"version-history":[{"count":1,"href":"https:\/\/cupio.edu.ve\/index.php?rest_route=\/wp\/v2\/pages\/259\/revisions"}],"predecessor-version":[{"id":262,"href":"https:\/\/cupio.edu.ve\/index.php?rest_route=\/wp\/v2\/pages\/259\/revisions\/262"}],"wp:attachment":[{"href":"https:\/\/cupio.edu.ve\/index.php?rest_route=%2Fwp%2Fv2%2Fmedia&parent=259"}],"curies":[{"name":"wp","href":"https:\/\/api.w.org\/{rel}","templated":true}]}}

<figure class="wp-block-image alignright size-full is-resized"><img loading="lazy" decoding="async" width="960" height="720" src="https://cupio.edu.ve/wp-content/uploads/2024/01/Logo-Pastoral-PNG.png" alt="" class="wp-image-260" style="width:489px;height:auto" srcset="https://cupio.edu.ve/wp-content/uploads/2024/01/Logo-Pastoral-PNG.png 960w, https://cupio.edu.ve/wp-content/uploads/2024/01/Logo-Pastoral-PNG-300x225.png 300w, https://cupio.edu.ve/wp-content/uploads/2024/01/Logo-Pastoral-PNG-768x576.png 768w" sizes="auto, (max-width: 960px) 100vw, 960px" /></figure>



<p>La Pastoral Universitaria es la acción evangelizadora de la Iglesia en el contexto universitario. Para ellos busca que todos aquellos que hacen vida en la Universidad se encuentren con Cristo, entonces con su Iglesia, para que ellos tengan vida plena.</p>



<p>Para lograrlo pretende &nbsp;fomentar la experiencia de la fe cristiana en el ámbito universitario por medio de pequeñas comunidades de estudiantes, profesores y funcionarios, que testimonien y anuncian la centralidad de los valores del Evangelio de Jesús de Nazaret en sus vidas.</p>



<p>Como un eje transversal de los que siendo conscientes de su misión en la universidad buscan incentivar, en la enseñanza, en la investigación y en la extensión, el diálogo entre fe y razón, fe y ciencia, religión y cultura.</p>



<p>Para ello los bautizados desde sus funciones propias buscan influenciar significativamente la vida universitaria, en el ámbito de la investigación, de la enseñanza y de la extensión, por medio de proyectos y actividades en los ejes de la pastoral: espiritualidad, reflexión-formación y acción social solidaria.</p>



<p>De allí que en su actuar cotidiano , en el quehacer diario en los espacios propios del Colegio Universitario buscan motivar y acompañar a estudiantes y profesionales para que sean, proféticamente, profesionales competentes en sus áreas de conocimiento, promotores de un mundo justo y solidario según los valores del Evangelio y los ideales del Reino de Dios.</p>



<p>Al ejercer cada bautizado su&nbsp;función profética en la universidad ha de convertirse en &nbsp;luz del mundo, desde el ejercicio de su&nbsp;función sacerdotal se convierten en sal de la tierra y desde la&nbsp;función real han de convertirse en fermento, de modo que desde dentro, en las mismas estructuras de la universidad, se visualice la obra redentora del señor.</p>



<h2 class="wp-block-heading">Explicación del Logo</h2>



<figure class="wp-block-image aligncenter size-full is-resized"><img loading="lazy" decoding="async" width="960" height="720" src="https://cupio.edu.ve/wp-content/uploads/2024/01/Logo-Pastoral-CUPIO-2.jpg" alt="" class="wp-image-261" style="width:579px;height:auto" srcset="https://cupio.edu.ve/wp-content/uploads/2024/01/Logo-Pastoral-CUPIO-2.jpg 960w, https://cupio.edu.ve/wp-content/uploads/2024/01/Logo-Pastoral-CUPIO-2-300x225.jpg 300w, https://cupio.edu.ve/wp-content/uploads/2024/01/Logo-Pastoral-CUPIO-2-768x576.jpg 768w" sizes="auto, (max-width: 960px) 100vw, 960px" /></figure>



<p>Es un diseño que integra una Cruz con la punta superior semejante a un bastón, significando que la pastoral tiene su fuente: la cruz de Cristo.</p>



<p>Ello se encuentra sobre una paleta de colores naranja ocre degradados que integra figuras entrelazadas y que representan íconos de la fe. A saber: el Fuego del Espíritu Santo para que guíe la razón, la inteligencia, la sabiduría. M de María, como Trono de Sabiduría, un Pez asemejando el símbolo de los primeros cristianos y un libro siendo la base y fuente del saber, el Verbo hecho carne.</p>



<h2 class="wp-block-heading">Enlaces de Interés</h2>



<blockquote class="wp-block-quote is-layout-flow wp-block-quote-is-layout-flow">
<p><a href="http://ceveducacion.org/"><u>http://ceveducacion.org/</u></a> </p>



<p>Instagram: @ceveducacion</p>
</blockquote>

<p>La Pastoral Universitaria es la acción evangelizadora de la Iglesia en el contexto universitario. Para ellos busca que todos aquellos que hacen vida en la Universidad se encuentren con Cristo, entonces con su Iglesia, para que ellos tengan vida plena. Para lograrlo pretende &nbsp;fomentar la experiencia de la fe cristiana en el ámbito universitario por [&hellip;]</p>
