{"id":257,"date":"2024-01-15T02:04:26","date_gmt":"2024-01-15T02:04:26","guid":{"rendered":"https:\/\/cupio.edu.ve\/?page_id=257"},"modified":"2024-01-15T02:52:28","modified_gmt":"2024-01-15T02:52:28","slug":"extension","status":"publish","type":"page","link":"https:\/\/cupio.edu.ve\/?page_id=257","title":{"rendered":"Extensi\u00f3n"},"content":{"rendered":"\n<figure class=\"wp-block-image alignright size-large is-resized\"><img loading=\"lazy\" decoding=\"async\" width=\"1024\" height=\"1005\" src=\"https:\/\/cupio.edu.ve\/wp-content\/uploads\/2024\/01\/LOGO-CEU-02-SIN-FONDO-1024x1005.png\" alt=\"\" class=\"wp-image-280\" style=\"width:334px;height:auto\" srcset=\"https:\/\/cupio.edu.ve\/wp-content\/uploads\/2024\/01\/LOGO-CEU-02-SIN-FONDO-1024x1005.png 1024w, https:\/\/cupio.edu.ve\/wp-content\/uploads\/2024\/01\/LOGO-CEU-02-SIN-FONDO-300x294.png 300w, https:\/\/cupio.edu.ve\/wp-content\/uploads\/2024\/01\/LOGO-CEU-02-SIN-FONDO-768x754.png 768w, https:\/\/cupio.edu.ve\/wp-content\/uploads\/2024\/01\/LOGO-CEU-02-SIN-FONDO-1536x1508.png 1536w, https:\/\/cupio.edu.ve\/wp-content\/uploads\/2024\/01\/LOGO-CEU-02-SIN-FONDO-2048x2010.png 2048w\" sizes=\"auto, (max-width: 1024px) 100vw, 1024px\" \/><\/figure>\n\n\n\n<p>La Coordinaci\u00f3n de Extensi\u00f3n Universitaria representa el punto de encuentro donde coinciden:<\/p>\n\n\n\n<ul class=\"wp-block-list\">\n<li>Lo acad\u00e9mico.<\/li>\n\n\n\n<li>La investigaci\u00f3n.<\/li>\n\n\n\n<li>La intervenci\u00f3n de las comunidades.<\/li>\n\n\n\n<li>Convenios y alianzas con instituciones.<\/li>\n<\/ul>\n\n\n\n<h2 class=\"wp-block-heading\">Misi\u00f3n<\/h2>\n\n\n\n<p>Actuar como agente asesor de desarrollo, progreso y actualizaci\u00f3n en el CUPIO en materia de extensi\u00f3n universitaria impulsando integralmente todas sus capacidades y recursos, a la par de coordinar esfuerzos que permitan generar proyectos, programas, actividades y planes con vigencia en el contexto actual la rentabilidad y el progreso biopsicosocioespiritual de la sociedaoordina<\/p>\n\n\n\n<h2 class=\"wp-block-heading\">Visi\u00f3n<\/h2>\n\n\n\n<p>Ser un ente extensor de la acci\u00f3n acad\u00e9mica, de investigaci\u00f3n y social del Colegio universitario en sus diversas expresiones, estructur\u00e1ndolas de forma accesible y equitativa a toda la comunidad tanto nacional como internacional.<\/p>\n\n\n\n<h2 class=\"wp-block-heading\">Objetivo<\/h2>\n\n\n\n<p>Cumplir como puente entre la sociedad y las funciones universitarias de docencia, investigaci\u00f3n y acci\u00f3n social, todo esto en materia de extensi\u00f3n universitaria y su respectivo accionar.<\/p>\n\n\n\n<h2 class=\"wp-block-heading\">Valores<\/h2>\n\n\n\n<ul class=\"wp-block-list\">\n<li>Compromiso.<\/li>\n\n\n\n<li>Responsabilidad social.<\/li>\n\n\n\n<li>Solidaridad.<\/li>\n\n\n\n<li>Comunicaci\u00f3n.<\/li>\n\n\n\n<li>Mejora continua.<\/li>\n<\/ul>\n\n\n\n<h2 class=\"wp-block-heading\">Actividades<\/h2>\n\n\n\n<p>\u00bfA qu\u00e9 se dedica la Coordinaci\u00f3n de Extensi\u00f3n? descubre y disfruta de nuestros:<\/p>\n\n\n\n<ul class=\"wp-block-list\">\n<li>Actividades de desarrollo comunitario.<\/li>\n\n\n\n<li>Webinarios.<\/li>\n\n\n\n<li>Diplomados, cursos y talleres.<\/li>\n\n\n\n<li>Congresos.<\/li>\n<\/ul>\n\n\n\n<h2 class=\"wp-block-heading\">Correo Electr\u00f3nico<\/h2>\n\n\n\n<blockquote class=\"wp-block-quote is-layout-flow wp-block-quote-is-layout-flow\">\n<p>extension@cupio.edu.ve<\/p>\n<\/blockquote>\n","protected":false},"excerpt":{"rendered":"<p>La Coordinaci\u00f3n de Extensi\u00f3n Universitaria representa el punto de encuentro donde coinciden: Misi\u00f3n Actuar como agente asesor de desarrollo, progreso y actualizaci\u00f3n en el CUPIO en materia de extensi\u00f3n universitaria impulsando integralmente todas sus capacidades y recursos, a la par de coordinar esfuerzos que permitan generar proyectos, programas, actividades y planes con vigencia en el [&hellip;]<\/p>\n","protected":false},"author":1,"featured_media":0,"parent":0,"menu_order":0,"comment_status":"closed","ping_status":"closed","template":"","meta":{"footnotes":""},"class_list":["post-257","page","type-page","status-publish","hentry"],"_links":{"self":[{"href":"https:\/\/cupio.edu.ve\/index.php?rest_route=\/wp\/v2\/pages\/257","targetHints":{"allow":["GET"]}}],"collection":[{"href":"https:\/\/cupio.edu.ve\/index.php?rest_route=\/wp\/v2\/pages"}],"about":[{"href":"https:\/\/cupio.edu.ve\/index.php?rest_route=\/wp\/v2\/types\/page"}],"author":[{"embeddable":true,"href":"https:\/\/cupio.edu.ve\/index.php?rest_route=\/wp\/v2\/users\/1"}],"replies":[{"embeddable":true,"href":"https:\/\/cupio.edu.ve\/index.php?rest_route=%2Fwp%2Fv2%2Fcomments&post=257"}],"version-history":[{"count":3,"href":"https:\/\/cupio.edu.ve\/index.php?rest_route=\/wp\/v2\/pages\/257\/revisions"}],"predecessor-version":[{"id":281,"href":"https:\/\/cupio.edu.ve\/index.php?rest_route=\/wp\/v2\/pages\/257\/revisions\/281"}],"wp:attachment":[{"href":"https:\/\/cupio.edu.ve\/index.php?rest_route=%2Fwp%2Fv2%2Fmedia&parent=257"}],"curies":[{"name":"wp","href":"https:\/\/api.w.org\/{rel}","templated":true}]}}

Extensión

<figure class="wp-block-image alignright size-large is-resized"><img loading="lazy" decoding="async" width="1024" height="1005" src="https://cupio.edu.ve/wp-content/uploads/2024/01/LOGO-CEU-02-SIN-FONDO-1024x1005.png" alt="" class="wp-image-280" style="width:334px;height:auto" srcset="https://cupio.edu.ve/wp-content/uploads/2024/01/LOGO-CEU-02-SIN-FONDO-1024x1005.png 1024w, https://cupio.edu.ve/wp-content/uploads/2024/01/LOGO-CEU-02-SIN-FONDO-300x294.png 300w, https://cupio.edu.ve/wp-content/uploads/2024/01/LOGO-CEU-02-SIN-FONDO-768x754.png 768w, https://cupio.edu.ve/wp-content/uploads/2024/01/LOGO-CEU-02-SIN-FONDO-1536x1508.png 1536w, https://cupio.edu.ve/wp-content/uploads/2024/01/LOGO-CEU-02-SIN-FONDO-2048x2010.png 2048w" sizes="auto, (max-width: 1024px) 100vw, 1024px" /></figure>



<p>La Coordinación de Extensión Universitaria representa el punto de encuentro donde coinciden:</p>



<ul class="wp-block-list">
<li>Lo académico.</li>



<li>La investigación.</li>



<li>La intervención de las comunidades.</li>



<li>Convenios y alianzas con instituciones.</li>
</ul>



<h2 class="wp-block-heading">Misión</h2>



<p>Actuar como agente asesor de desarrollo, progreso y actualización en el CUPIO en materia de extensión universitaria impulsando integralmente todas sus capacidades y recursos, a la par de coordinar esfuerzos que permitan generar proyectos, programas, actividades y planes con vigencia en el contexto actual la rentabilidad y el progreso biopsicosocioespiritual de la sociedaoordina</p>



<h2 class="wp-block-heading">Visión</h2>



<p>Ser un ente extensor de la acción académica, de investigación y social del Colegio universitario en sus diversas expresiones, estructurándolas de forma accesible y equitativa a toda la comunidad tanto nacional como internacional.</p>



<h2 class="wp-block-heading">Objetivo</h2>



<p>Cumplir como puente entre la sociedad y las funciones universitarias de docencia, investigación y acción social, todo esto en materia de extensión universitaria y su respectivo accionar.</p>



<h2 class="wp-block-heading">Valores</h2>



<ul class="wp-block-list">
<li>Compromiso.</li>



<li>Responsabilidad social.</li>



<li>Solidaridad.</li>



<li>Comunicación.</li>



<li>Mejora continua.</li>
</ul>



<h2 class="wp-block-heading">Actividades</h2>



<p>¿A qué se dedica la Coordinación de Extensión? descubre y disfruta de nuestros:</p>



<ul class="wp-block-list">
<li>Actividades de desarrollo comunitario.</li>



<li>Webinarios.</li>



<li>Diplomados, cursos y talleres.</li>



<li>Congresos.</li>
</ul>



<h2 class="wp-block-heading">Correo Electrónico</h2>



<blockquote class="wp-block-quote is-layout-flow wp-block-quote-is-layout-flow">
<p>extension@cupio.edu.ve</p>
</blockquote>

<p>La Coordinación de Extensión Universitaria representa el punto de encuentro donde coinciden: Misión Actuar como agente asesor de desarrollo, progreso y actualización en el CUPIO en materia de extensión universitaria impulsando integralmente todas sus capacidades y recursos, a la par de coordinar esfuerzos que permitan generar proyectos, programas, actividades y planes con vigencia en el [&hellip;]</p>
