{"id":198,"date":"2024-01-15T00:37:08","date_gmt":"2024-01-15T00:37:08","guid":{"rendered":"https:\/\/cupio.edu.ve\/?page_id=198"},"modified":"2024-01-15T00:46:35","modified_gmt":"2024-01-15T00:46:35","slug":"bienestar-estudiantil","status":"publish","type":"page","link":"https:\/\/cupio.edu.ve\/?page_id=198","title":{"rendered":"Bienestar Estudiantil"},"content":{"rendered":"\n<figure class=\"wp-block-image alignright size-large is-resized\"><img loading=\"lazy\" decoding=\"async\" width=\"1024\" height=\"1024\" src=\"https:\/\/cupio.edu.ve\/wp-content\/uploads\/2024\/01\/IMG-20211108-WA0093-1024x1024.jpg\" alt=\"\" class=\"wp-image-199\" style=\"width:399px;height:auto\" srcset=\"https:\/\/cupio.edu.ve\/wp-content\/uploads\/2024\/01\/IMG-20211108-WA0093-1024x1024.jpg 1024w, https:\/\/cupio.edu.ve\/wp-content\/uploads\/2024\/01\/IMG-20211108-WA0093-300x300.jpg 300w, https:\/\/cupio.edu.ve\/wp-content\/uploads\/2024\/01\/IMG-20211108-WA0093-150x150.jpg 150w, https:\/\/cupio.edu.ve\/wp-content\/uploads\/2024\/01\/IMG-20211108-WA0093-768x768.jpg 768w, https:\/\/cupio.edu.ve\/wp-content\/uploads\/2024\/01\/IMG-20211108-WA0093.jpg 1080w\" sizes=\"auto, (max-width: 1024px) 100vw, 1024px\" \/><\/figure>\n\n\n\n<p>Bienvenido sean los aprendizajes, la Coordinaci\u00f3n de Bienestar Estudiantil representa un pilar de apoyo, orientaci\u00f3n y desarrollo para los aprendices que forman parte de nuestra casa de estudio Colegio Universitario Padre Isa\u00edas Ojeda de Hogares CREA (CUPIO).<\/p>\n\n\n\n<h2 class=\"wp-block-heading\">Misi\u00f3n<\/h2>\n\n\n\n<p>Promover el bienestar de los estudiantes desde una visi\u00f3n hol\u00edstica, innovadora y pr\u00e1ctica, para lograr un proceso continuo de crecimiento y adquisici\u00f3n de nuevas habilidades y conocimientos aplicables al contexto actual, tanto personal como profesionalmente.<\/p>\n\n\n\n<h2 class=\"wp-block-heading\">Visi\u00f3n<\/h2>\n\n\n\n<p>Convertirse en un puente de comunicaci\u00f3n y desarrollo as\u00ed como un aliado del proceso de crecimiento de los aprendizajes, fortaleciendo en ellos el v\u00ednculo y la pertenencia para remar juntos hacia una misma direcci\u00f3n transformadora y consciente.<\/p>\n\n\n\n<h2 class=\"wp-block-heading\">Premisas y objetivos<\/h2>\n\n\n\n<ul class=\"wp-block-list\">\n<li>Velar por el bienestar hol\u00edstico de los estudiantes.<\/li>\n\n\n\n<li>Promover el desarrollo personal del grupo estudiantil.<\/li>\n\n\n\n<li>Fomentar la participaci\u00f3n de los estudiantes en los procesos de activismo educativo y acci\u00f3n social.<\/li>\n\n\n\n<li>Escuchar activamente las inquietudes y propuestas planteadas por los aprendices.<\/li>\n\n\n\n<li>Brindar un apoyo claro, sincero y sin prejuicios a la comunidad estudiantil.<\/li>\n\n\n\n<li>Actuar como ente mediador entre las diferencias emergentes entre estudiantes y docentes.<\/li>\n\n\n\n<li>Ofrecer materiales audiovisuales y bibliogr\u00e1ficos que complementen la formaci\u00f3n estudiantil.<\/li>\n\n\n\n<li>Prevenir problemas o conflictos a nivel personal e interpersonales a trav\u00e9s de la formaci\u00f3n e informaci\u00f3n consciente.<\/li>\n\n\n\n<li>Cualquier otro objetivo que refuerce o sea requerido para el bienestar de los estudiantes el cual est\u00e9 comprendido dentro de las funciones de la coordinaci\u00f3n.<\/li>\n<\/ul>\n\n\n\n<h2 class=\"wp-block-heading\">Valores<\/h2>\n\n\n\n<ul class=\"wp-block-list\">\n<li>Escucha activa.<\/li>\n\n\n\n<li>Innovaci\u00f3n.<\/li>\n\n\n\n<li>Solidaridad.<\/li>\n\n\n\n<li>Respeto.<\/li>\n\n\n\n<li>Inclusi\u00f3n.<\/li>\n\n\n\n<li>Equidad de g\u00e9nero.<\/li>\n<\/ul>\n\n\n\n<h2 class=\"wp-block-heading\"><strong>Servicios Administrados por la Coordinaci\u00f3n<\/strong><\/h2>\n\n\n\n<ul class=\"wp-block-list\">\n<li>Oreintaci\u00f3n y Asesor\u00eda estudiantil.<\/li>\n\n\n\n<li>Biblioteca.<\/li>\n\n\n\n<li>Salon de Inform\u00e1tica.<\/li>\n\n\n\n<li>Conversatorios y Foros.<\/li>\n\n\n\n<li>Tramitaci\u00f3n de solicitudes de Becas.<\/li>\n<\/ul>\n\n\n\n<h2 class=\"wp-block-heading\">Canales de Comunicaci\u00f3n<\/h2>\n\n\n\n<blockquote class=\"wp-block-quote is-layout-flow wp-block-quote-is-layout-flow\">\n<p>Correo Electr\u00f3nico<\/p>\n<cite>bienestar.estudiantil@cupio.edu.ve<\/cite><\/blockquote>\n","protected":false},"excerpt":{"rendered":"<p>Bienvenido sean los aprendizajes, la Coordinaci\u00f3n de Bienestar Estudiantil representa un pilar de apoyo, orientaci\u00f3n y desarrollo para los aprendices que forman parte de nuestra casa de estudio Colegio Universitario Padre Isa\u00edas Ojeda de Hogares CREA (CUPIO). Misi\u00f3n Promover el bienestar de los estudiantes desde una visi\u00f3n hol\u00edstica, innovadora y pr\u00e1ctica, para lograr un proceso [&hellip;]<\/p>\n","protected":false},"author":1,"featured_media":0,"parent":0,"menu_order":0,"comment_status":"closed","ping_status":"closed","template":"","meta":{"footnotes":""},"class_list":["post-198","page","type-page","status-publish","hentry"],"_links":{"self":[{"href":"https:\/\/cupio.edu.ve\/index.php?rest_route=\/wp\/v2\/pages\/198","targetHints":{"allow":["GET"]}}],"collection":[{"href":"https:\/\/cupio.edu.ve\/index.php?rest_route=\/wp\/v2\/pages"}],"about":[{"href":"https:\/\/cupio.edu.ve\/index.php?rest_route=\/wp\/v2\/types\/page"}],"author":[{"embeddable":true,"href":"https:\/\/cupio.edu.ve\/index.php?rest_route=\/wp\/v2\/users\/1"}],"replies":[{"embeddable":true,"href":"https:\/\/cupio.edu.ve\/index.php?rest_route=%2Fwp%2Fv2%2Fcomments&post=198"}],"version-history":[{"count":2,"href":"https:\/\/cupio.edu.ve\/index.php?rest_route=\/wp\/v2\/pages\/198\/revisions"}],"predecessor-version":[{"id":208,"href":"https:\/\/cupio.edu.ve\/index.php?rest_route=\/wp\/v2\/pages\/198\/revisions\/208"}],"wp:attachment":[{"href":"https:\/\/cupio.edu.ve\/index.php?rest_route=%2Fwp%2Fv2%2Fmedia&parent=198"}],"curies":[{"name":"wp","href":"https:\/\/api.w.org\/{rel}","templated":true}]}}

<figure class="wp-block-image alignright size-large is-resized"><img loading="lazy" decoding="async" width="1024" height="1024" src="https://cupio.edu.ve/wp-content/uploads/2024/01/IMG-20211108-WA0093-1024x1024.jpg" alt="" class="wp-image-199" style="width:399px;height:auto" srcset="https://cupio.edu.ve/wp-content/uploads/2024/01/IMG-20211108-WA0093-1024x1024.jpg 1024w, https://cupio.edu.ve/wp-content/uploads/2024/01/IMG-20211108-WA0093-300x300.jpg 300w, https://cupio.edu.ve/wp-content/uploads/2024/01/IMG-20211108-WA0093-150x150.jpg 150w, https://cupio.edu.ve/wp-content/uploads/2024/01/IMG-20211108-WA0093-768x768.jpg 768w, https://cupio.edu.ve/wp-content/uploads/2024/01/IMG-20211108-WA0093.jpg 1080w" sizes="auto, (max-width: 1024px) 100vw, 1024px" /></figure>



<p>Bienvenido sean los aprendizajes, la Coordinación de Bienestar Estudiantil representa un pilar de apoyo, orientación y desarrollo para los aprendices que forman parte de nuestra casa de estudio Colegio Universitario Padre Isaías Ojeda de Hogares CREA (CUPIO).</p>



<h2 class="wp-block-heading">Misión</h2>



<p>Promover el bienestar de los estudiantes desde una visión holística, innovadora y práctica, para lograr un proceso continuo de crecimiento y adquisición de nuevas habilidades y conocimientos aplicables al contexto actual, tanto personal como profesionalmente.</p>



<h2 class="wp-block-heading">Visión</h2>



<p>Convertirse en un puente de comunicación y desarrollo así como un aliado del proceso de crecimiento de los aprendizajes, fortaleciendo en ellos el vínculo y la pertenencia para remar juntos hacia una misma dirección transformadora y consciente.</p>



<h2 class="wp-block-heading">Premisas y objetivos</h2>



<ul class="wp-block-list">
<li>Velar por el bienestar holístico de los estudiantes.</li>



<li>Promover el desarrollo personal del grupo estudiantil.</li>



<li>Fomentar la participación de los estudiantes en los procesos de activismo educativo y acción social.</li>



<li>Escuchar activamente las inquietudes y propuestas planteadas por los aprendices.</li>



<li>Brindar un apoyo claro, sincero y sin prejuicios a la comunidad estudiantil.</li>



<li>Actuar como ente mediador entre las diferencias emergentes entre estudiantes y docentes.</li>



<li>Ofrecer materiales audiovisuales y bibliográficos que complementen la formación estudiantil.</li>



<li>Prevenir problemas o conflictos a nivel personal e interpersonales a través de la formación e información consciente.</li>



<li>Cualquier otro objetivo que refuerce o sea requerido para el bienestar de los estudiantes el cual esté comprendido dentro de las funciones de la coordinación.</li>
</ul>



<h2 class="wp-block-heading">Valores</h2>



<ul class="wp-block-list">
<li>Escucha activa.</li>



<li>Innovación.</li>



<li>Solidaridad.</li>



<li>Respeto.</li>



<li>Inclusión.</li>



<li>Equidad de género.</li>
</ul>



<h2 class="wp-block-heading"><strong>Servicios Administrados por la Coordinación</strong></h2>



<ul class="wp-block-list">
<li>Oreintación y Asesoría estudiantil.</li>



<li>Biblioteca.</li>



<li>Salon de Informática.</li>



<li>Conversatorios y Foros.</li>



<li>Tramitación de solicitudes de Becas.</li>
</ul>



<h2 class="wp-block-heading">Canales de Comunicación</h2>



<blockquote class="wp-block-quote is-layout-flow wp-block-quote-is-layout-flow">
<p>Correo Electrónico</p>
<cite>bienestar.estudiantil@cupio.edu.ve</cite></blockquote>

<p>Bienvenido sean los aprendizajes, la Coordinación de Bienestar Estudiantil representa un pilar de apoyo, orientación y desarrollo para los aprendices que forman parte de nuestra casa de estudio Colegio Universitario Padre Isaías Ojeda de Hogares CREA (CUPIO). Misión Promover el bienestar de los estudiantes desde una visión holística, innovadora y práctica, para lograr un proceso [&hellip;]</p>
