{"id":173,"date":"2024-01-13T16:00:44","date_gmt":"2024-01-13T16:00:44","guid":{"rendered":"https:\/\/cupio.edu.ve\/?page_id=173"},"modified":"2024-01-15T15:46:44","modified_gmt":"2024-01-15T15:46:44","slug":"normativas","status":"publish","type":"page","link":"https:\/\/cupio.edu.ve\/?page_id=173","title":{"rendered":"Reglamentos y Normativas"},"content":{"rendered":"\n<p>El Colegio Universitario Padre Isa\u00edas Ojeda de Hogares Crea se rige por leyes y reglamentos de la Rep\u00fablica, as\u00ed como por reglamentos internos aprobados por el Consejo Directivo de la Instituci\u00f3n. A continuaci\u00f3n puede consultar dicho marco legal en formato .pdf:<\/p>\n\n\n\n<h2 class=\"wp-block-heading\">Leyes y Reglamentos Nacionales:<\/h2>\n\n\n\n<ul class=\"wp-block-list\">\n<li><a href=\"http:\/\/cupio.edu.ve\/wp-content\/uploads\/2024\/01\/RICU.pdf\" target=\"_blank\" rel=\"noreferrer noopener\">Reglamento de los Institutos y Colegios Universitarios. <\/a><\/li>\n\n\n\n<li><a href=\"http:\/\/cupio.edu.ve\/wp-content\/uploads\/2024\/01\/Reglamento-de-Evaluacion-I-y-C-Universitarios.pdf\" target=\"_blank\" rel=\"noreferrer noopener\">Reglamento General de Evaluaci\u00f3n del Rendimiento Estudiantil en los Institutos y Colegios Universitarios.<\/a><\/li>\n<\/ul>\n\n\n\n<h2 class=\"wp-block-heading\">Reglamentos Internos del CUPIO:<\/h2>\n\n\n\n<ul class=\"wp-block-list\">\n<li><a href=\"http:\/\/cupio.edu.ve\/wp-content\/uploads\/2024\/01\/Reglamento-General-CUPIO-2015.pdf\" target=\"_blank\" rel=\"noreferrer noopener\">Reglamento General del CUPIO.<\/a><\/li>\n\n\n\n<li><a href=\"http:\/\/cupio.edu.ve\/wp-content\/uploads\/2024\/01\/Reglamento-de-Evaluacion-Estudiantil-CUPIO.pdf\" target=\"_blank\" rel=\"noreferrer noopener\">Reglamento de Evaluaci\u00f3n del Rendimiento Estudiantil del CUPIO.<\/a><\/li>\n\n\n\n<li><a href=\"http:\/\/cupio.edu.ve\/wp-content\/uploads\/2024\/01\/Reglamento-de-Admision-Inscripcion-Equivalencias-y-Otros-CUPIO.pdf\" target=\"_blank\" rel=\"noreferrer noopener\">Reglamento de Admisi\u00f3n, Inscripci\u00f3n, Equivalencias, Convalidaci\u00f3n, Permanencia, Retiro y Reincorporaci\u00f3n, Cambio de Carrera, Menci\u00f3n o Modalidad de los Estudiantes del CUPIO.<\/a><\/li>\n\n\n\n<li><a href=\"http:\/\/cupio.edu.ve\/wp-content\/uploads\/2024\/01\/Reglamentos-de-Graduaciones-del-CUPIO-CD26091201.pdf\" target=\"_blank\" rel=\"noreferrer noopener\">Reglamento de Graduaciones del CUPIO.<\/a><\/li>\n\n\n\n<li><a href=\"http:\/\/cupio.edu.ve\/wp-content\/uploads\/2024\/01\/Reglamento-de-Pasantias-Aprobado-CD-02032020-04-Modif-2024-1.pdf\" target=\"_blank\" rel=\"noreferrer noopener\">Reglamento de Pasant\u00edas Profesionales.<\/a><\/li>\n\n\n\n<li><a href=\"http:\/\/cupio.edu.ve\/wp-content\/uploads\/2024\/01\/Reglamento-de-Becas-Estudiantiles-CUPIO-CD11071201.pdf\" target=\"_blank\" rel=\"noreferrer noopener\">Reglamento de Becas Estudiantiles.<\/a><\/li>\n\n\n\n<li><a href=\"http:\/\/cupio.edu.ve\/wp-content\/uploads\/2024\/01\/Normativa-de-Presentacion-de-Trabajos-Escritos-CUPIO-CD-08062022-02.pdf\" target=\"_blank\" rel=\"noreferrer noopener\">Normativa de Presentaci\u00f3n de Trabajos Escritos.<\/a><\/li>\n<\/ul>\n","protected":false},"excerpt":{"rendered":"<p>El Colegio Universitario Padre Isa\u00edas Ojeda de Hogares Crea se rige por leyes y reglamentos de la Rep\u00fablica, as\u00ed como por reglamentos internos aprobados por el Consejo Directivo de la Instituci\u00f3n. A continuaci\u00f3n puede consultar dicho marco legal en formato .pdf: Leyes y Reglamentos Nacionales: Reglamentos Internos del CUPIO:<\/p>\n","protected":false},"author":1,"featured_media":0,"parent":0,"menu_order":0,"comment_status":"closed","ping_status":"closed","template":"","meta":{"footnotes":""},"class_list":["post-173","page","type-page","status-publish","hentry"],"_links":{"self":[{"href":"https:\/\/cupio.edu.ve\/index.php?rest_route=\/wp\/v2\/pages\/173","targetHints":{"allow":["GET"]}}],"collection":[{"href":"https:\/\/cupio.edu.ve\/index.php?rest_route=\/wp\/v2\/pages"}],"about":[{"href":"https:\/\/cupio.edu.ve\/index.php?rest_route=\/wp\/v2\/types\/page"}],"author":[{"embeddable":true,"href":"https:\/\/cupio.edu.ve\/index.php?rest_route=\/wp\/v2\/users\/1"}],"replies":[{"embeddable":true,"href":"https:\/\/cupio.edu.ve\/index.php?rest_route=%2Fwp%2Fv2%2Fcomments&post=173"}],"version-history":[{"count":4,"href":"https:\/\/cupio.edu.ve\/index.php?rest_route=\/wp\/v2\/pages\/173\/revisions"}],"predecessor-version":[{"id":286,"href":"https:\/\/cupio.edu.ve\/index.php?rest_route=\/wp\/v2\/pages\/173\/revisions\/286"}],"wp:attachment":[{"href":"https:\/\/cupio.edu.ve\/index.php?rest_route=%2Fwp%2Fv2%2Fmedia&parent=173"}],"curies":[{"name":"wp","href":"https:\/\/api.w.org\/{rel}","templated":true}]}}