{"id":144,"date":"2024-01-13T14:44:11","date_gmt":"2024-01-13T14:44:11","guid":{"rendered":"https:\/\/cupio.edu.ve\/?page_id=144"},"modified":"2024-01-15T00:25:33","modified_gmt":"2024-01-15T00:25:33","slug":"simbologia","status":"publish","type":"page","link":"https:\/\/cupio.edu.ve\/?page_id=144","title":{"rendered":"Simbolog\u00eda"},"content":{"rendered":"\n<h2 class=\"wp-block-heading\">Nuestro Lema<\/h2>\n\n\n\n<figure class=\"wp-block-pullquote\"><blockquote><p><\/p><cite>Haciendo camino, educando para la vida<\/cite><\/blockquote><\/figure>\n\n\n\n<div class=\"wp-block-media-text is-stacked-on-mobile\"><figure class=\"wp-block-media-text__media\"><img loading=\"lazy\" decoding=\"async\" width=\"1018\" height=\"1024\" src=\"http:\/\/cupio.edu.ve\/wp-content\/uploads\/2024\/01\/Logo-CUPIO-PNG-1018x1024.png\" alt=\"\" class=\"wp-image-89 size-full\" srcset=\"https:\/\/cupio.edu.ve\/wp-content\/uploads\/2024\/01\/Logo-CUPIO-PNG-1018x1024.png 1018w, https:\/\/cupio.edu.ve\/wp-content\/uploads\/2024\/01\/Logo-CUPIO-PNG-298x300.png 298w, https:\/\/cupio.edu.ve\/wp-content\/uploads\/2024\/01\/Logo-CUPIO-PNG-150x150.png 150w, https:\/\/cupio.edu.ve\/wp-content\/uploads\/2024\/01\/Logo-CUPIO-PNG-768x772.png 768w, https:\/\/cupio.edu.ve\/wp-content\/uploads\/2024\/01\/Logo-CUPIO-PNG-1528x1536.png 1528w, https:\/\/cupio.edu.ve\/wp-content\/uploads\/2024\/01\/Logo-CUPIO-PNG.png 1624w\" sizes=\"auto, (max-width: 1018px) 100vw, 1018px\" \/><\/figure><div class=\"wp-block-media-text__content\">\n<h2 class=\"wp-block-heading has-text-align-center\">Nuestro Logo<\/h2>\n<\/div><\/div>\n\n\n\n<div class=\"wp-block-media-text has-media-on-the-right is-stacked-on-mobile\"><div class=\"wp-block-media-text__content\">\n<h2 class=\"wp-block-heading has-text-align-left\">Nuestra bandera<\/h2>\n<\/div><figure class=\"wp-block-media-text__media\"><img loading=\"lazy\" decoding=\"async\" width=\"678\" height=\"1024\" src=\"https:\/\/cupio.edu.ve\/wp-content\/uploads\/2024\/01\/Bandera-7-678x1024.jpg\" alt=\"\" class=\"wp-image-145 size-full\" srcset=\"https:\/\/cupio.edu.ve\/wp-content\/uploads\/2024\/01\/Bandera-7-678x1024.jpg 678w, https:\/\/cupio.edu.ve\/wp-content\/uploads\/2024\/01\/Bandera-7-199x300.jpg 199w, https:\/\/cupio.edu.ve\/wp-content\/uploads\/2024\/01\/Bandera-7-768x1160.jpg 768w, https:\/\/cupio.edu.ve\/wp-content\/uploads\/2024\/01\/Bandera-7-1017x1536.jpg 1017w, https:\/\/cupio.edu.ve\/wp-content\/uploads\/2024\/01\/Bandera-7-1356x2048.jpg 1356w, https:\/\/cupio.edu.ve\/wp-content\/uploads\/2024\/01\/Bandera-7.jpg 1631w\" sizes=\"auto, (max-width: 678px) 100vw, 678px\" \/><\/figure><\/div>\n\n\n\n<h2 class=\"wp-block-heading\">Nuestro Himno<\/h2>\n\n\n\n<p>Autor: V\u00edctor Romero. M\u00fasica: Alfredo Suarez. Interprete: Mensaje a la paz<\/p>\n\n\n\n<div class=\"wp-block-columns is-layout-flex wp-container-core-columns-is-layout-28f84493 wp-block-columns-is-layout-flex\">\n<div class=\"wp-block-column is-layout-flow wp-block-column-is-layout-flow\"><\/div>\n<\/div>\n\n\n\n<figure class=\"wp-block-audio\"><audio controls src=\"https:\/\/cupio.edu.ve\/wp-content\/uploads\/2024\/01\/Himno-de-CUPIO-Audio-Comprimido-pg-web.mp3\"><\/audio><\/figure>\n\n\n\n<div class=\"wp-block-columns is-layout-flex wp-container-core-columns-is-layout-28f84493 wp-block-columns-is-layout-flex\">\n<div class=\"wp-block-column is-layout-flow wp-block-column-is-layout-flow\">\n<p class=\"has-text-align-center\"><strong>I<\/strong><br>Hermoso y sagrado recinto <br>Invitador a la m\u00e1s profunda paz <br>A la experiencia sublime <br>De poder ayudar a los dem\u00e1s<\/p>\n\n\n\n<p class=\"has-text-align-center\"><strong>II<\/strong><br>Concebido como la expresi\u00f3n m\u00e1s pura<br>De nuestro afable y noble fundador<br>Has llegado a convertirte<br>En Patria, Humanidad y coraz\u00f3n &nbsp; <br><br><strong>Coro <\/strong><br>Gritemos a los cuatro vientos<br>Que no hay una posible rendici\u00f3n<br>Que contra los males que hoy luchamos <br>Ma\u00f1ana ser\u00e1n redenci\u00f3n (Bis)<\/p>\n<\/div>\n\n\n\n<div class=\"wp-block-column is-layout-flow wp-block-column-is-layout-flow\">\n<p class=\"has-text-align-center\"><strong>III<\/strong><br>Caminemos con la frente en alto<br>Y la mirada limpia al andar<br>Con la certeza de que nuestra conciencia<br>Nos guiara con gentil sapiencia<br><br><strong>IV <\/strong><br>A las murallas que se interpongan<br>Verticales nos encontraran<br>Solidos como el granito<br>Unidos como una hermandad<br><br><strong>Coro <\/strong><br>Gritemos a los cuatro vientos<br>Que no hay una posible rendici\u00f3n<br>Que contra los males que hoy luchamos<br>Ma\u00f1ana ser\u00e1n redenci\u00f3n (Bis) &nbsp;<\/p>\n<\/div>\n<\/div>\n\n\n\n<div class=\"wp-block-columns is-layout-flex wp-container-core-columns-is-layout-28f84493 wp-block-columns-is-layout-flex\">\n<div class=\"wp-block-column is-layout-flow wp-block-column-is-layout-flow\"><\/div>\n<\/div>\n\n\n\n<div class=\"wp-block-columns is-layout-flex wp-container-core-columns-is-layout-28f84493 wp-block-columns-is-layout-flex\">\n<div class=\"wp-block-column is-layout-flow wp-block-column-is-layout-flow\"><\/div>\n<\/div>\n","protected":false},"excerpt":{"rendered":"<p>Nuestro Lema Haciendo camino, educando para la vida Nuestro Logo Nuestra bandera Nuestro Himno Autor: V\u00edctor Romero. M\u00fasica: Alfredo Suarez. Interprete: Mensaje a la paz IHermoso y sagrado recinto Invitador a la m\u00e1s profunda paz A la experiencia sublime De poder ayudar a los dem\u00e1s IIConcebido como la expresi\u00f3n m\u00e1s puraDe nuestro afable y noble [&hellip;]<\/p>\n","protected":false},"author":1,"featured_media":0,"parent":0,"menu_order":0,"comment_status":"closed","ping_status":"closed","template":"","meta":{"footnotes":""},"class_list":["post-144","page","type-page","status-publish","hentry"],"_links":{"self":[{"href":"https:\/\/cupio.edu.ve\/index.php?rest_route=\/wp\/v2\/pages\/144","targetHints":{"allow":["GET"]}}],"collection":[{"href":"https:\/\/cupio.edu.ve\/index.php?rest_route=\/wp\/v2\/pages"}],"about":[{"href":"https:\/\/cupio.edu.ve\/index.php?rest_route=\/wp\/v2\/types\/page"}],"author":[{"embeddable":true,"href":"https:\/\/cupio.edu.ve\/index.php?rest_route=\/wp\/v2\/users\/1"}],"replies":[{"embeddable":true,"href":"https:\/\/cupio.edu.ve\/index.php?rest_route=%2Fwp%2Fv2%2Fcomments&post=144"}],"version-history":[{"count":16,"href":"https:\/\/cupio.edu.ve\/index.php?rest_route=\/wp\/v2\/pages\/144\/revisions"}],"predecessor-version":[{"id":197,"href":"https:\/\/cupio.edu.ve\/index.php?rest_route=\/wp\/v2\/pages\/144\/revisions\/197"}],"wp:attachment":[{"href":"https:\/\/cupio.edu.ve\/index.php?rest_route=%2Fwp%2Fv2%2Fmedia&parent=144"}],"curies":[{"name":"wp","href":"https:\/\/api.w.org\/{rel}","templated":true}]}}

Simbología

<h2 class="wp-block-heading">Nuestro Lema</h2>



<figure class="wp-block-pullquote"><blockquote><p></p><cite>Haciendo camino, educando para la vida</cite></blockquote></figure>



<div class="wp-block-media-text is-stacked-on-mobile"><figure class="wp-block-media-text__media"><img loading="lazy" decoding="async" width="1018" height="1024" src="http://cupio.edu.ve/wp-content/uploads/2024/01/Logo-CUPIO-PNG-1018x1024.png" alt="" class="wp-image-89 size-full" srcset="https://cupio.edu.ve/wp-content/uploads/2024/01/Logo-CUPIO-PNG-1018x1024.png 1018w, https://cupio.edu.ve/wp-content/uploads/2024/01/Logo-CUPIO-PNG-298x300.png 298w, https://cupio.edu.ve/wp-content/uploads/2024/01/Logo-CUPIO-PNG-150x150.png 150w, https://cupio.edu.ve/wp-content/uploads/2024/01/Logo-CUPIO-PNG-768x772.png 768w, https://cupio.edu.ve/wp-content/uploads/2024/01/Logo-CUPIO-PNG-1528x1536.png 1528w, https://cupio.edu.ve/wp-content/uploads/2024/01/Logo-CUPIO-PNG.png 1624w" sizes="auto, (max-width: 1018px) 100vw, 1018px" /></figure><div class="wp-block-media-text__content">
<h2 class="wp-block-heading has-text-align-center">Nuestro Logo</h2>
</div></div>



<div class="wp-block-media-text has-media-on-the-right is-stacked-on-mobile"><div class="wp-block-media-text__content">
<h2 class="wp-block-heading has-text-align-left">Nuestra bandera</h2>
</div><figure class="wp-block-media-text__media"><img loading="lazy" decoding="async" width="678" height="1024" src="https://cupio.edu.ve/wp-content/uploads/2024/01/Bandera-7-678x1024.jpg" alt="" class="wp-image-145 size-full" srcset="https://cupio.edu.ve/wp-content/uploads/2024/01/Bandera-7-678x1024.jpg 678w, https://cupio.edu.ve/wp-content/uploads/2024/01/Bandera-7-199x300.jpg 199w, https://cupio.edu.ve/wp-content/uploads/2024/01/Bandera-7-768x1160.jpg 768w, https://cupio.edu.ve/wp-content/uploads/2024/01/Bandera-7-1017x1536.jpg 1017w, https://cupio.edu.ve/wp-content/uploads/2024/01/Bandera-7-1356x2048.jpg 1356w, https://cupio.edu.ve/wp-content/uploads/2024/01/Bandera-7.jpg 1631w" sizes="auto, (max-width: 678px) 100vw, 678px" /></figure></div>



<h2 class="wp-block-heading">Nuestro Himno</h2>



<p>Autor: Víctor Romero. Música: Alfredo Suarez. Interprete: Mensaje a la paz</p>



<div class="wp-block-columns is-layout-flex wp-container-core-columns-is-layout-28f84493 wp-block-columns-is-layout-flex">
<div class="wp-block-column is-layout-flow wp-block-column-is-layout-flow"></div>
</div>



<figure class="wp-block-audio"><audio controls src="https://cupio.edu.ve/wp-content/uploads/2024/01/Himno-de-CUPIO-Audio-Comprimido-pg-web.mp3"></audio></figure>



<div class="wp-block-columns is-layout-flex wp-container-core-columns-is-layout-28f84493 wp-block-columns-is-layout-flex">
<div class="wp-block-column is-layout-flow wp-block-column-is-layout-flow">
<p class="has-text-align-center"><strong>I</strong><br>Hermoso y sagrado recinto <br>Invitador a la más profunda paz <br>A la experiencia sublime <br>De poder ayudar a los demás</p>



<p class="has-text-align-center"><strong>II</strong><br>Concebido como la expresión más pura<br>De nuestro afable y noble fundador<br>Has llegado a convertirte<br>En Patria, Humanidad y corazón &nbsp; <br><br><strong>Coro </strong><br>Gritemos a los cuatro vientos<br>Que no hay una posible rendición<br>Que contra los males que hoy luchamos <br>Mañana serán redención (Bis)</p>
</div>



<div class="wp-block-column is-layout-flow wp-block-column-is-layout-flow">
<p class="has-text-align-center"><strong>III</strong><br>Caminemos con la frente en alto<br>Y la mirada limpia al andar<br>Con la certeza de que nuestra conciencia<br>Nos guiara con gentil sapiencia<br><br><strong>IV </strong><br>A las murallas que se interpongan<br>Verticales nos encontraran<br>Solidos como el granito<br>Unidos como una hermandad<br><br><strong>Coro </strong><br>Gritemos a los cuatro vientos<br>Que no hay una posible rendición<br>Que contra los males que hoy luchamos<br>Mañana serán redención (Bis) &nbsp;</p>
</div>
</div>



<div class="wp-block-columns is-layout-flex wp-container-core-columns-is-layout-28f84493 wp-block-columns-is-layout-flex">
<div class="wp-block-column is-layout-flow wp-block-column-is-layout-flow"></div>
</div>



<div class="wp-block-columns is-layout-flex wp-container-core-columns-is-layout-28f84493 wp-block-columns-is-layout-flex">
<div class="wp-block-column is-layout-flow wp-block-column-is-layout-flow"></div>
</div>

<p>Nuestro Lema Haciendo camino, educando para la vida Nuestro Logo Nuestra bandera Nuestro Himno Autor: Víctor Romero. Música: Alfredo Suarez. Interprete: Mensaje a la paz IHermoso y sagrado recinto Invitador a la más profunda paz A la experiencia sublime De poder ayudar a los demás IIConcebido como la expresión más puraDe nuestro afable y noble [&hellip;]</p>
