{"id":102,"date":"2024-01-13T13:37:19","date_gmt":"2024-01-13T13:37:19","guid":{"rendered":"https:\/\/cupio.edu.ve\/?page_id=102"},"modified":"2024-01-13T13:51:44","modified_gmt":"2024-01-13T13:51:44","slug":"terapia-psicosocial","status":"publish","type":"page","link":"https:\/\/cupio.edu.ve\/?page_id=102","title":{"rendered":"Terapia Psicosocial"},"content":{"rendered":"\n<p>Ofrece formaci\u00f3n te\u00f3rico-pr\u00e1ctica, que capacita a los egresados para actuar en equipos interdisciplinarios. El terapeuta participa solidariamente como agente de trasformaci\u00f3n social, en forma eficiente y con un alto sentido \u00e9tico y de responsabilidad en la aplicaci\u00f3n de estrategias, que permiten la integraci\u00f3n en forma continua y permanente de los individuos en su entorno social, en conexi\u00f3n con sus relaciones interpersonales, grupales y familiares.<\/p>\n\n\n\n<h2 class=\"wp-block-heading\"><strong>Roles del Terapeuta Psicosocial<\/strong><\/h2>\n\n\n\n<p>Facilitador, Orientador, Animador Cultural, Terapeuta, Entrevistador, Promotor de Calidad de Vida,&nbsp; Promotor de Prevenci\u00f3n, Supervisor, Asistente de Investigaci\u00f3n, Analista de Organizaci\u00f3n y Director de Reuniones.<\/p>\n\n\n\n<h2 class=\"wp-block-heading\"><strong>Fuentes de Empleo:<\/strong><\/h2>\n\n\n\n<ul class=\"wp-block-list\">\n<li>Cl\u00ednicas de Salud Mental y de Reposo.<\/li>\n\n\n\n<li>Albergues de Menores.<\/li>\n\n\n\n<li>Centros Geri\u00e1tricos.<\/li>\n\n\n\n<li>Centros de Rehabilitaci\u00f3n.<\/li>\n\n\n\n<li>Consejo de Protecci\u00f3n de Ni\u00f1os, Ni\u00f1as y Adolescentes.<\/li>\n\n\n\n<li>Ministerios P\u00fablicos.<\/li>\n\n\n\n<li>Instituciones Hospitalarias.<\/li>\n\n\n\n<li>Instituciones Policiales y Penitenciarias.<\/li>\n\n\n\n<li>Centros de Reeducaci\u00f3n.<\/li>\n\n\n\n<li>Centros de Orientaci\u00f3n Familiar.<\/li>\n<\/ul>\n\n\n\n<h2 class=\"wp-block-heading\"><strong>T\u00edtulo que otorga<\/strong><em>\u00a0<\/em><\/h2>\n\n\n\n<p><em>T\u00e9cnico Superior Universitario en Terapia Psicosocial.<\/em><\/p>\n\n\n\n<h2 class=\"wp-block-heading\">Pensum de Estudio<\/h2>\n\n\n\n<div class=\"wp-block-columns is-layout-flex wp-container-core-columns-is-layout-28f84493 wp-block-columns-is-layout-flex\">\n<div class=\"wp-block-column is-layout-flow wp-block-column-is-layout-flow\"><\/div>\n<\/div>\n\n\n\n<figure class=\"wp-block-image alignfull size-full\"><img loading=\"lazy\" decoding=\"async\" width=\"818\" height=\"554\" src=\"https:\/\/cupio.edu.ve\/wp-content\/uploads\/2024\/01\/Pensum-Terapia-Psicosocial.jpg\" alt=\"\" class=\"wp-image-107\" srcset=\"https:\/\/cupio.edu.ve\/wp-content\/uploads\/2024\/01\/Pensum-Terapia-Psicosocial.jpg 818w, https:\/\/cupio.edu.ve\/wp-content\/uploads\/2024\/01\/Pensum-Terapia-Psicosocial-300x203.jpg 300w, https:\/\/cupio.edu.ve\/wp-content\/uploads\/2024\/01\/Pensum-Terapia-Psicosocial-768x520.jpg 768w\" sizes=\"auto, (max-width: 818px) 100vw, 818px\" \/><\/figure>\n","protected":false},"excerpt":{"rendered":"<p>Ofrece formaci\u00f3n te\u00f3rico-pr\u00e1ctica, que capacita a los egresados para actuar en equipos interdisciplinarios. El terapeuta participa solidariamente como agente de trasformaci\u00f3n social, en forma eficiente y con un alto sentido \u00e9tico y de responsabilidad en la aplicaci\u00f3n de estrategias, que permiten la integraci\u00f3n en forma continua y permanente de los individuos en su entorno social, [&hellip;]<\/p>\n","protected":false},"author":1,"featured_media":0,"parent":0,"menu_order":0,"comment_status":"closed","ping_status":"closed","template":"","meta":{"footnotes":""},"class_list":["post-102","page","type-page","status-publish","hentry"],"_links":{"self":[{"href":"https:\/\/cupio.edu.ve\/index.php?rest_route=\/wp\/v2\/pages\/102","targetHints":{"allow":["GET"]}}],"collection":[{"href":"https:\/\/cupio.edu.ve\/index.php?rest_route=\/wp\/v2\/pages"}],"about":[{"href":"https:\/\/cupio.edu.ve\/index.php?rest_route=\/wp\/v2\/types\/page"}],"author":[{"embeddable":true,"href":"https:\/\/cupio.edu.ve\/index.php?rest_route=\/wp\/v2\/users\/1"}],"replies":[{"embeddable":true,"href":"https:\/\/cupio.edu.ve\/index.php?rest_route=%2Fwp%2Fv2%2Fcomments&post=102"}],"version-history":[{"count":9,"href":"https:\/\/cupio.edu.ve\/index.php?rest_route=\/wp\/v2\/pages\/102\/revisions"}],"predecessor-version":[{"id":121,"href":"https:\/\/cupio.edu.ve\/index.php?rest_route=\/wp\/v2\/pages\/102\/revisions\/121"}],"wp:attachment":[{"href":"https:\/\/cupio.edu.ve\/index.php?rest_route=%2Fwp%2Fv2%2Fmedia&parent=102"}],"curies":[{"name":"wp","href":"https:\/\/api.w.org\/{rel}","templated":true}]}}